).
2, 3, 11
Let k(r) = 9*r + 84. Let l be k(-7). Let t(q) = q**2 - 3*q + 2. Let j be t(3). Suppose j*i - 632 = -5*h, h + l = 4*i + 165. What are the prime factors of h?
2
Let b(q) = -q**2 - 91*q + 3773. What are the prime factors of b(0)?
7, 11
Let j = 8678 - -10823. What are the prime factors of j?
19501
Suppose 27*c - 1183567 = 568274. List the prime factors of c.
7, 13, 23, 31
Let b = -300 - -199. Let j = b + 701. What are the prime factors of j?
2, 3, 5
Suppose 2*p + 29311 = 5*a + 5*p, 4*a - 4*p = 23468. Suppose 0 = -12*k - 1760 + a. What are the prime factors of k?
2, 3, 19
Suppose -3715 - 18699 = -5*f + a, 0 = 4*f - 2*a - 17930. Suppose -f = -9*k + 4742. What are the prime factors of k?
5, 41
Let j be (-1885)/2 + (-2)/(12/(-9)). What are the prime factors of j/3*(6 + -5)*-3?
941
Suppose 47 - 3375 = -2*a + 4*l, 3*l + 6671 = 4*a. Suppose -w + 4*v + 819 = 0, 3*v + a = 3*w - 760. List the prime factors of w.
3, 269
Suppose -p - 6*j + 3*j - 125602 = 0, 251184 = -2*p - j. What are the prime factors of (-2)/(-6) - p/114?
2, 19, 29
Let k = -8293 - -21939. What are the prime factors of k?
2, 6823
Suppose 4*f - 182*f = -1903176. What are the prime factors of f?
2, 3, 11
Let p(z) = z**2. Let i(d) = 20*d**3 - d**2 - 3*d - 1. Let w(c) = i(c) + 3*p(c). List the prime factors of w(2).
7, 23
Let i be 12/9*(5/2 - 1). Let z be ((-1)/i)/(-1*(-4)/(-40)). Suppose k = -z*s + 38, 0 = s + s. What are the prime factors of k?
2, 19
Let d be ((-6)/(-2) - -2) + 1. Let l = 4 - d. Let q(f) = 13*f**2 + 5*f + 4. What are the prime factors of q(l)?
2, 23
Let h(s) = -3*s**3 + 8*s**2. Let z be h(3). Let b(f) = -5*f**3 - 39*f**2 - 7*f + 31. List the prime factors of b(z).
2, 5, 29
Suppose -3*k + 5550 = 3*n, -3*n - 5*k - 785 = -6337. Let c = 2739 - n. What are the prime factors of c?
2, 5, 89
Let s = 18235 - 9033. What are the prime factors of s?
2, 43, 107
Let x = 815 + -474. Let h = x - 78. Suppose 3*p - y = 362, -4*y + 9*y + h = 2*p. List the prime factors of p.
7, 17
Let z = -38 + 51. Suppose z*q = 12*q + 190. Suppose 3*i + m - q - 19 = 0, 4*i - 264 = -5*m. What are the prime factors of i?
71
Let m(h) = h**2 + 11*h - 19. Let z be m(-13). Let f be (-2012)/14 - 2/z. What are the prime factors of f/(-3) - -1*4?
2, 13
Suppose -2*c - 3 = -2*u - c, -4*u + 21 = 3*c. Suppose 0 = -0*k + 4*k + 8, 108 = u*f + 3*k. List the prime factors of f.
2, 19
Let x = 8160 + -1687. What are the prime factors of x?
6473
Suppose 9 = 18*w - 15*w. Suppose -w*o - 60 + 183 = 0. What are the prime factors of o?
41
Let t(u) = -24*u + 5. Suppose 2*d - d - 7 = 0. Suppose 7*m + 7 = -d. What are the prime factors of t(m)?
53
Suppose 17 = -7*b + 3. Let n be ((-5)/b)/(11/1870). Suppose -5*t = -2*w + 199, 2*w = -2*w + t + n. What are the prime factors of w?
107
Let h = -6131 - -6245. Suppose -3*q = -8*q - 295. Let f = q + h. What are the prime factors of f?
5, 11
Suppose -15*j - 10882 + 89124 + 16213 = 0. List the prime factors of j.
3, 2099
Let p = 23021 + -6322. What are the prime factors of p?
16699
Suppose -4*h - 19 = 4*w - 83, 5*w = -3*h + 56. What are the prime factors of (h - -2) + -7 - -126?
7, 19
Suppose 13 = q - 5*i - 10, -4*q + 3*i + 24 = 0. Suppose 5*p - 5*b - 46 + 11 = 0, q*p + 5*b - 5 = 0. Suppose p*l = -3*l + 624. List the prime factors of l.
2, 3, 13
Let q(k) = -20*k**2 + 3*k + 23. Let i be q(7). Let v = i + 1423. What are the prime factors of v?
487
Let c(v) = 0*v + 7 + 3 - 13*v + v. Let w be c(9). Let k = 190 + w. What are the prime factors of k?
2, 23
Suppose 4*d + 38*r - 126198 = 32*r, -3*d = 5*r - 94646. What are the prime factors of d?
3, 67, 157
Suppose -5 = -5*o + 5*m, -2*o + 1 = -5*m - 7. Let l be (2/(-2) + -3)*o. Suppose 2*u - 2*s = 60, -80 = -3*u - l*s + 5*s. What are the prime factors of u?
5
Let j(i) = 6*i + 7. Let c be j(1). Suppose -2*k - 3 = b + 3, b - k - 3 = 0. Suppose b = -c*o - o + 2926. List the prime factors of o.
11, 19
Let j be (12/10 + -2)/(3/(-15)). Suppose 0 = 5*o - 5*w - 765, -j*w - 150 = -o - 6*w. List the prime factors of o.
2, 19
Let y be -6 + (-17 - -1)*-40. Suppose -o - 36 = -y. List the prime factors of o.
2, 13, 23
Let b be 87/(-4) + (-5)/4. Let c(g) = g**3 + 24*g**2 + 2*g + 19. List the prime factors of c(b).
2, 251
Let f(a) = 2*a**2 - 4*a - 21. Let z be f(5). Suppose 8*l + 152 = z*l + 5*v, -5*l = v - 808. What are the prime factors of l?
2, 3
Let n = -52 - 133. Let a be n/30 + 6 - (-62)/12. Suppose a*i + 0*h - h = 524, -320 = -3*i + 2*h. What are the prime factors of i?
2, 13
Suppose h - 7 = -0*b - 4*b, -3*h = 5*b. Let g be 7*b/35*5. Suppose -2*v - 152 = -g*v. List the prime factors of v.
2, 19
Suppose -467 = -7*t + 6806. Let l = t + 64. What are the prime factors of l?
1103
Suppose -4*o = -18276 + 5608. Suppose 1059 = a + 2*i - 3*i, o = 3*a - 5*i. What are the prime factors of a?
2, 7, 19
Suppose 75*q + 126700 = 79*q + 2*k, 5*q - 158375 = 4*k. What are the prime factors of q?
5, 7, 181
Let w(i) = 40*i**3 + 18*i**2 - 31*i. What are the prime factors of w(6)?
2, 3, 37, 41
Suppose 3*s = 5*u - 25, -4*u + 4 = s + 1. Suppose -u*v - 14 - 13 = -p, 2 = p + 3*v. Suppose -2*c - p + 189 = 0. What are the prime factors of c?
2, 43
Let c = 40 + -28. Suppose 4*u - 117 = 59. Suppose -o + u = -c. What are the prime factors of o?
2, 7
Suppose -25*x + 7500 = -24*x. List the prime factors of (-5)/10*x/(-10).
3, 5
Suppose -4737*n + 4708*n + 123656 = 0. What are the prime factors of n?
2, 13, 41
Let q(a) = -3745*a - 4468. List the prime factors of q(-10).
2, 3, 23, 239
Let u(h) = 5*h**3 - 3*h**2 - h - 5. Suppose 4*i + 24 = 8*i + 3*o, 5*i = -3*o + 30. Suppose i = 3*b - b. List the prime factors of u(b).
2, 5
Suppose 2*m - 66 = -m. Suppose -2*z = m - 2. Let w(a) = -8*a - 23. What are the prime factors of w(z)?
3, 19
Let o(b) be the first derivative of b**3/3 + 5*b**2 + 12*b + 15. Let h be o(-9). Suppose k - 422 = -5*p, -h*k + 76 = -0*p + p. List the prime factors of p.
5, 17
Let q be ((-80)/4)/(-5) - -2. Suppose 0 = -0*y - 2*y - 2, -2*y = 4*s - q. Suppose -5*d - s*b = -739, -3*d + 7*d = 5*b + 578. List the prime factors of d.
3, 7
Suppose -704 = -2*l - 5*b, 69*l - 4*b + 1760 = 74*l. List the prime factors of l.
2, 11
Suppose -2*h - h + 15870 = t, -t = 0. List the prime factors of h.
2, 5, 23
Suppose 337 = 2*u + 329. List the prime factors of 20*-4*u/(-40) + 3.
11
Suppose 0 = 4*c - 3*q - 193764, 5*c - 72*q = -70*q + 242212. What are the prime factors of c?
2, 3, 11, 367
Let p = 1361 + -1256. Suppose -2*t - 3 - 25 = 0. Let s = p - t. What are the prime factors of s?
7, 17
Suppose -45 = -5*n - b - 3*b, 2*b = -10. Suppose n*d - 5629 + 2210 = 0. Let m = 5 + d. List the prime factors of m.
2, 67
Let g(d) = -d**3 - 5*d**2 + 13*d + 10. Let l = -8 - -3. Let a be g(l). Let u = 47 - a. What are the prime factors of u?
2, 3, 17
Let z(d) = 85*d**2 - 1738*d - 4. What are the prime factors of z(25)?
19, 509
Let l(q) = -3*q**2 - 4*q**3 - q**2 + 5*q**3 + 154 + 5*q**2 + 3*q. Let c(u) = -u + 2. Let o be c(2). List the prime factors of l(o).
2, 7, 11
Suppose 29941 = -9*g + 116746. List the prime factors of g.
3, 5, 643
Suppose -2*z - 198 = -13*z. Suppose -71 = z*d + 1369. What are the prime factors of ((-5)/(-4) + 2)/((-20)/d)?
13
Let r be (18/(-5))/(8/20). Let c = 20 + r. Let w = 231 + c. What are the prime factors of w?
2, 11
Let r(o) = -690*o + 1781. List the prime factors of r(-15).
7, 1733
Let c(j) = j**3 + 10*j**2 - 25*j - 9. Let p be c(-12). Let m(v) = -v**2 + v + 10. Let z be m(p). List the prime factors of 4/16 + 355/z.
89
Let u = 11830 + 12300. What are the prime factors of u?
2, 5, 19, 127
Let h be (-50)/(-6) - (-21)/(-63). Let r(n) = 162*n + h*n**2 - 7 - 169*n + 3. List the prime factors of r(-3).
89
Suppose 4*q - 1214 = -2*o, 10*o = 14*o + q - 2435. List the prime factors of o.
3, 7, 29
Let h = 665 - -2360. List the prime factors of h.
5, 11
Let m = -485 + 488. Suppose m*q - 1155 = -3*c - 0*c, -764 = -2*c - 4*q. List the prime factors of c.
2, 97
List the prime factors of 15*(44239/65 - (1 + 0)).
2, 3, 1699
Suppose 4*l + 10 = -l, -2 = f + l. Suppose 2*m + 3 + 11 = f. What are the prime factors of (-663)/m - ((-24)/(-21))/(-4)?
5, 19
Let k(f) = 12*f - 16. Let b be k(5). Suppose -4*z + 6 = 4*m - 2, 3*m - 6 = 3*z. Suppose -4*v + b + 276 = z. What are the prime factors of v?
2, 5
Let